32489?
32464
In base 2, what is 111000 - -101110000?
110101000
In base 15, what is -1 - -363?
362
In base 9, what is 775014 + -1?
775013
In base 9, what is -3240 + 83?
-3146
In base 2, what is 1000110 - 100011001?
-11010011
In base 13, what is 8078 - -10?
8088
In base 13, what is 546 + -b?
538
In base 15, what is 2 - d30?
-d2d
In base 7, what is -30 + -346151?
-346211
In base 10, what is 8594 + 126?
8720
In base 15, what is 260 + 1e?
27e
In base 8, what is 54 + -11507?
-11433
In base 9, what is -2252 - -477?
-1664
In base 16, what is -7bc - -5f4?
-1c8
In base 12, what is 834b60 - 3?
834b59
In base 10, what is -370 + 4693?
4323
In base 13, what is 212209 + 3?
21220c
In base 14, what is 4 + 2b60?
2b64
In base 9, what is 155220 + 2?
155222
In base 3, what is -2020010220 + -12?
-2020011002
In base 10, what is 2 - -39609?
39611
In base 8, what is 342 + 3321?
3663
In base 6, what is 33204 + -43?
33121
In base 3, what is -10200 + -210?
-11110
In base 14, what is bb + -53?
68
In base 2, what is -101111111 - 11?
-110000010
In base 11, what is -2 + 9849?
9847
In base 14, what is 2104c + 2?
21050
In base 10, what is -3 - 10379?
-10382
In base 2, what is 11010010010110111 - -11?
11010010010111010
In base 11, what is 3 - -49399?
493a1
In base 16, what is 4 - 8b7e?
-8b7a
In base 13, what is 199 - -257?
423
In base 14, what is 68 - 5d?
9
In base 8, what is -12 - 21453?
-21465
In base 16, what is -69b + 249?
-452
In base 16, what is -b0 + 29?
-87
In base 4, what is -33012 - 2331?
-102003
In base 9, what is -76230 - -23?
-76206
In base 16, what is -21 - -22f0?
22cf
In base 11, what is 511 - -2251?
2762
In base 10, what is -63244 - 36?
-63280
In base 7, what is -16662 - 12?
-20004
In base 9, what is -4871 - 27?
-5008
In base 7, what is 1322 - -2401?
4023
In base 14, what is 9 - 6b4?
-6a9
In base 4, what is 312 - -2233232?
2300210
In base 4, what is 1131000 + 31321?
1222321
In base 8, what is -72 - 5734?
-6026
In base 16, what is 74a + -26?
724
In base 11, what is 30055 - -2?
30057
In base 7, what is 2556 + 1?
2560
In base 5, what is 10 - -4132303?
4132313
In base 15, what is -366b - 5?
-3671
In base 6, what is 430502 - 0?
430502
In base 14, what is 173 + -2?
171
In base 10, what is -150 + -848?
-998
In base 16, what is 6 - -1e84?
1e8a
In base 6, what is -2550412 - -21?
-2550351
In base 4, what is -32030101 - 1?
-32030102
In base 16, what is e6b - 7?
e64
In base 10, what is -3 + 9657?
9654
In base 9, what is 11685 + 24?
11720
In base 16, what is 2a + -32c?
-302
In base 5, what is -4 + 33042133?
33042124
In base 8, what is 5 - 171430?
-171423
In base 16, what is -1 - 1a7d?
-1a7e
In base 15, what is -b + 4311?
4305
In base 11, what is -297 - -36?
-261
In base 4, what is 20110 - 2100220?
-2020110
In base 5, what is 2333 - 34?
2244
In base 12, what is -10543 - -4?
-1053b
In base 14, what is 484 - -4d?
4d3
In base 16, what is -1 - 11f2?
-11f3
In base 5, what is 12 + -110433023?
-110433011
In base 15, what is 163 - -543?
6a6
In base 15, what is -1400c - a?
-14017
In base 14, what is 34 + -ac?
-78
In base 11, what is -5 + 800745?
800740
In base 9, what is -4 + 27521?
27516
In base 12, what is -b6b + 2b?
-b40
In base 3, what is 0 + -100022112222?
-100022112222
In base 8, what is -2 - -23270?
23266
In base 14, what is -7c65 - 5?
-7c6a
In base 13, what is -8 - 7658?
-7663
In base 10, what is -2000 - -3389?
1389
In base 4, what is -2210013 - 32?
-2210111
In base 11, what is -192255 - 5?
-19225a
In base 5, what is -124 - 2124?
-2303
In base 9, what is -448337 - 4?
-448342
In base 8, what is 10 - 31030?
-31020
In base 6, what is 2 - 3240143?
-3240141
In base 16, what is 0 - 25f49?
-25f49
In base 13, what is -4 + 1abba?
1abb6
In base 15, what is 4 - -12e1?
12e5
In base 10, what is -1356 - 2005?
-3361
In base 11, what is 3a - -2a5?
334
In base 5, what is -30222033 + 10?
-30222023
In base 15, what is 4cb + -12?
4b9
In base 3, what is 201 - 210002212?
-210002011
In base 10, what is 678 - 63?
615
In base 7, what is -112110021 + -5?
-112110026
In base 2, what is 10111000 + -11011101100?
-11000110100
In base 5, what is 3 + -3220200?
-3220142
In base 3, what is -11221 + -2211?
-21202
In base 5, what is -1110 + 11400?
10240
In base 8, what is 2213 + 273?
2506
In base 4, what is 0 + 1111201?
1111201
In base 12, what is -2b - -1087?
1058
In base 3, what is -1001 - -200101?
122100
In base 4, what is 2131 + 31101?
33232
In base 16, what is -1 - -35e93?
35e92
In base 4, what is -310 + -300313?
-301223
In base 3, what is -1012101201 + -11022?
-1012120000
In base 14, what is -49 + -d39?
-d84
In base 12, what is -361a - 2?
-3620
In base 13, what is 0 + 6a824?
6a824
In base 14, what is -12 + a09d?
a08b
In base 16, what is -3ad + 11?
-39c
In base 3, what is 2201111 - -1111111?
11012222
In base 9, what is -277857 + -6?
-277864
In base 9, what is -38463 - 2?
-38465
In base 7, what is -4 + 42215?
42211
In base 14, what is 3238 - 3?
3235
In base 3, what is 1002022121 + 210?
1002100101
In base 2, what is -1001 + -1010110111110111?
-1010111000000000
In base 14, what is -ab + 3ba?
30d
In base 4, what is -2 + -1023313221?
-1023313223
In base 12, what is 469 + a?
477
In base 10, what is 11 + 48972?
48983
In base 11, what is 1 + -623?
-622
In base 6, what is -5223 + 22113?
12450
In base 14, what is -3492 - 0?
-3492
In base 14, what is 0 - -1ac78?
1ac78
In base 16, what is ab + 18?
c3
In base 2, what is 10001001 + 10000101?
100001110
In base 13, what is -5 - -3b3a?
3b35
In base 14, what is 87a9a + -3?
87a97
In base 8, what is 1 + -6420?
-6417
In base 10, what is -11050 - -4?
-11046
In base 15, what is -5b - -6149?
60dd
In base 7, what is 1233 + 433?
1666
In base 15, what is -40e + 278?
-186
In base 15, what is 18 + -6e9?
-6d1
In base 2, what is -1110111010 - 11000110111?
-100111110001
In base 12, what is 1670 - -3a?
16aa
In base 12, what is 0 - -397bab?
397bab
In base 7, what is 22 - -1335?
1360
In base 12, what is -31144 - -13?
-31131
In base 2, what is -1000 + 101010101000?
101010100000
In base 3, what is -2002 + 101002221?
101000212
In base 6, what is -5243124 - 2?
-5243130
In base 8, what is -3 - -2235?
2232
In base 2, what is 101 + -11111100111100011?
-11111100111011110
In base 5, what is 34 - -203221?
203310
In base 3, what is -11 + -222102010?
-222102021
In base 15, what is 2596d1 + 1?
2596d2
In base 6, what is -115 + -15254?
-15413
In base 4, what is 331021 + 20011?
1011032
In base 4, what is 103 - -1133320?
1200023
In base 16, what is -6c + 2f8c?
2f20
In base 9, what is -10 - 26435?
-26445
In base 8, what is 10 + 72560?
72570
In base 11, what is 18932 + 7?
18939
In base 14, what is 23c + 2b42?
2d80
In base 7, what is -333 + -300?
-633
In base 6, what is 3 + -1520201?
-1520154
In base 4, what is -1031 + 1032002?
1030311
In base 14, what is -2 + 1746?
1744
In base 5, what is 2 + 1024334?
1024341
In base 7, what is -4 - 114235?
-114242
In base 9, what is -226 + -6136?
-6363
In base 13, what is -42b15 + 28?
-42aba
In base 11, what is -860 - -70?
-7a0
In base 12, what is -8410 + -9?
-8419
In base 14, what is -88d + -94?
-943
In base 13, what is -5 + 1a983?
1a97b
In base 16, what is -4 + 1c9b1?
1c9ad
In base 5, what is -2112 - 133140?
-140302
In base 9, what is 2 + 36648?
36651
In base 6, what is -14212 - 1?
-14213
In base 3, what is -1 - -1110210111?
1110210110
In base 14, what is 4564c - 4?
45648
In base 2, what is 11101100 + -100001000000000?
-100000100010100
In base 13, what is -120a44 + 0?
-120a44
In base 8, what is 1274550 + -2?
1274546
In base 6, what is 203301 + -5?
203252
In base 15, what is 2662 - -129?
278b
In base 11, what is -4 - -23568?
23564
In base 11, what is 19 - -1315?
1333
In base 5, what is -44 + -11224?
-11323
In base 11, what is -25764 - 1?
-25765
In base 3, what is 100102201 - -111011?
100220212
In base 14, what is 12d - -d04?
1033
In base 3, what is -20 + 211210?
211120
In base 7, what is 3 + -1413?
-1410
In base 16, what is 1a398 - -3?
1a39b
In base 8, what is -415134 - -25?
-415107
In base 13, what is -59 + -641c?
-6478
In base 15, what is 0 - 533a?
-533a
In base 7, what is -1005 - 5235?
-6243
In base 3, what is -21000001 + 100?
-20222201
In base 5, what is -3234230 - -34?
-3234141
In base 5, what is 43442 - -20?
44012
In base 2, what is 101001 + 11011001011110?
1101101